ctor of 438088 and 124?
4
What is the greatest common divisor of 25032 and 218169?
21
What is the highest common factor of 2203791 and 475?
19
What is the greatest common factor of 3060 and 534915?
45
What is the greatest common factor of 4878 and 32226507?
2439
What is the greatest common factor of 48 and 2743476?
12
Calculate the greatest common divisor of 42 and 19101299.
7
What is the highest common divisor of 34117720 and 12978?
1442
What is the highest common factor of 198280 and 2880?
40
What is the highest common factor of 515592 and 9768?
264
Calculate the greatest common factor of 774144 and 652224.
192
What is the greatest common divisor of 235865 and 1444170?
805
Calculate the highest common factor of 484 and 3503.
1
What is the greatest common divisor of 2983500 and 20?
20
Calculate the greatest common divisor of 14 and 1884025304.
14
Calculate the greatest common factor of 1170928 and 253.
11
Calculate the highest common divisor of 2767007750 and 130.
130
Calculate the highest common factor of 102322 and 25751.
11
Calculate the greatest common divisor of 52488 and 1742472.
648
What is the highest common divisor of 75354 and 342?
114
Calculate the highest common divisor of 3823456 and 53732.
2828
Calculate the highest common factor of 72 and 40444248.
24
What is the highest common divisor of 52453504 and 64?
64
Calculate the highest common divisor of 139122 and 24072.
354
Calculate the highest common factor of 4216 and 3732928.
136
Calculate the greatest common divisor of 1854880 and 200.
40
What is the highest common divisor of 8697 and 27007084?
2899
What is the greatest common divisor of 6493 and 1195316?
151
What is the highest common divisor of 9358297 and 118144?
923
What is the highest common factor of 2691 and 191914281?
117
What is the greatest common factor of 16920 and 325944?
72
What is the highest common factor of 91306660 and 210?
10
Calculate the highest common factor of 64 and 4955947.
1
Calculate the greatest common divisor of 20170 and 12790.
10
What is the greatest common divisor of 255 and 12858290?
85
Calculate the greatest common divisor of 20 and 455668.
4
Calculate the greatest common factor of 31875 and 619293.
51
What is the highest common divisor of 7 and 844160870?
7
Calculate the greatest common divisor of 1095 and 1975965.
15
What is the greatest common divisor of 3676 and 137726854?
1838
Calculate the greatest common divisor of 74073811 and 955.
191
What is the greatest common factor of 27285 and 279055?
85
Calculate the greatest common divisor of 371 and 14486885.
7
What is the highest common factor of 12599699 and 4669?
161
Calculate the highest common divisor of 9656593 and 9176.
1147
Calculate the highest common factor of 7056 and 10973844.
1764
Calculate the greatest common factor of 5362055 and 25360.
1585
What is the greatest common divisor of 537780 and 9930?
30
Calculate the highest common divisor of 7362698 and 49.
7
Calculate the highest common factor of 21812080 and 10.
10
What is the greatest common divisor of 5798 and 31288907?
2899
Calculate the highest common factor of 256034870 and 28.
14
Calculate the greatest common factor of 779568942 and 24385.
4877
Calculate the highest common factor of 422079 and 2596353.
597
What is the greatest common factor of 758 and 194193157?
379
What is the greatest common divisor of 2262 and 64804038?
2262
What is the greatest common factor of 128293 and 1227611?
1177
Calculate the highest common divisor of 16964 and 118523227.
4241
Calculate the highest common factor of 1384093 and 873.
97
Calculate the highest common divisor of 177 and 45627591.
177
What is the greatest common divisor of 4 and 40474846?
2
What is the greatest common factor of 17161 and 4323?
131
What is the greatest common divisor of 72310 and 364945?
35
What is the highest common factor of 143004 and 37357692?
8412
What is the greatest common divisor of 111872 and 5445248?
2432
Calculate the greatest common factor of 401811 and 37602591.
2661
Calculate the greatest common factor of 24253958 and 4904.
1226
Calculate the highest common divisor of 71520 and 1344480.
480
What is the greatest common divisor of 33982965 and 2727?
909
Calculate the greatest common factor of 902989 and 34.
17
What is the highest common factor of 430 and 400813922?
86
Calculate the highest common factor of 434900448 and 13284.
4428
What is the highest common factor of 86 and 1652146?
86
Calculate the highest common divisor of 476 and 12876976.
28
Calculate the highest common divisor of 17414599 and 4985.
997
What is the greatest common divisor of 539 and 552078835?
539
What is the highest common divisor of 567502 and 184?
46
Calculate the greatest common divisor of 5350760 and 80.
40
Calculate the highest common divisor of 4 and 27041132.
4
What is the highest common divisor of 236313 and 310464?
693
Calculate the highest common factor of 2346481 and 266.
19
Calculate the highest common factor of 30694081 and 4544.
71
What is the highest common factor of 1728 and 19234368?
1728
Calculate the highest common divisor of 702307 and 156811.
191
Calculate the highest common divisor of 256927695 and 2061.
687
What is the greatest common divisor of 39503700 and 60?
60
Calculate the greatest common factor of 208639449 and 9.
9
What is the highest common factor of 270 and 4479000?
30
What is the greatest common factor of 7304740 and 80?
20
Calculate the greatest common factor of 1760 and 19321760.
160
What is the greatest common factor of 925675422 and 497?
497
What is the highest common factor of 488 and 13757269?
61
Calculate the greatest common divisor of 949 and 571512401.
73
What is the greatest common factor of 795691 and 10010?
13
Calculate the highest common divisor of 2254 and 314.
2
Calculate the highest common factor of 78130546 and 190.
38
Calculate the greatest common divisor of 211351 and 63.
7
What is the greatest common factor of 305501 and 879751?
2297
What is the greatest common factor of 88341 and 219639819?
8031
Calculate the greatest common factor of 643 and 187692986.
643
Calculate the greatest common factor of 8432944 and 312.
104
What is the greatest common factor of 3933820 and 1628?
44
Calculate the highest common divisor of 153 and 44197263.
153
Calculate the greatest common factor of 23782 and 4760536.
1034
What is the greatest common divisor of 8950518 and 31230?
6246
What is the greatest common factor of 1496 and 150792125?
187
What is the highest common divisor of 40043 and 3542?
23
Calculate the greatest common divisor of 9844 and 48228217.
2461
What is the greatest common divisor of 29823833 and 533?
13
Calculate the highest common divisor of 2623762 and 13626.
1514
What is the greatest common factor of 277523 and 3741475?
1453
What is the greatest common factor of 252 and 4972947?
21
Calculate the greatest common divisor of 10320 and 4375920.
240
What is the highest common divisor of 963 and 1346398227?
963
Calculate the highest common factor of 639881 and 1199.
11
What is the highest common factor of 8484242 and 125658?
4654
What is the greatest common divisor of 50058 and 26162?
206
Calculate the greatest common factor of 328154 and 13442.
94
Calculate the highest common divisor of 477060 and 12675.
15
Calculate the highest common divisor of 1740 and 1694352.
12
Calculate the highest common factor of 1608 and 83332456.
536
What is the highest common divisor of 723 and 51732337?
241
Calculate the greatest common factor of 4549470 and 11120.
1390
Calculate the greatest common factor of 2845233 and 243.
27
What is the greatest common factor of 2076918 and 4661?
59
Calculate the highest common factor of 224 and 8812448.
32
Calculate the highest common divisor of 8487 and 54211.
23
Calculate the highest common factor of 376124 and 197372.
3724
What is the highest common divisor of 46774 and 4186?
182
Calculate the greatest common divisor of 103475653 and 257.
257
Calculate the highest common divisor of 294570 and 883845.
135
What is the highest common divisor of 980 and 25180?
20
Calculate the highest common divisor of 3244768 and 3360.
32
Calculate the highest common factor of 164992 and 38780854.
2578
What is the highest common factor of 35816 and 678326?
242
What is the greatest c